ors of 1645.
5, 7, 47
List the prime factors of 1149.
3, 383
List the prime factors of 743.
743
List the prime factors of 13422.
2, 3, 2237
What are the prime factors of 34051?
17, 2003
What are the prime factors of 595?
5, 7, 17
What are the prime factors of 8157?
3, 2719
What are the prime factors of 336?
2, 3, 7
List the prime factors of 2688.
2, 3, 7
What are the prime factors of 636?
2, 3, 53
List the prime factors of 6035.
5, 17, 71
List the prime factors of 19181.
19181
List the prime factors of 49854.
2, 3, 7, 1187
List the prime factors of 1002.
2, 3, 167
List the prime factors of 976.
2, 61
What are the prime factors of 158051?
61, 2591
List the prime factors of 29012.
2, 7253
List the prime factors of 1737.
3, 193
List the prime factors of 8350.
2, 5, 167
What are the prime factors of 34130?
2, 5, 3413
List the prime factors of 38553.
3, 71, 181
List the prime factors of 2718.
2, 3, 151
What are the prime factors of 85842?
2, 3, 19, 251
List the prime factors of 8616.
2, 3, 359
What are the prime factors of 9616?
2, 601
What are the prime factors of 29985?
3, 5, 1999
What are the prime factors of 3153?
3, 1051
What are the prime factors of 912?
2, 3, 19
List the prime factors of 1786.
2, 19, 47
What are the prime factors of 23193?
3, 859
List the prime factors of 94.
2, 47
List the prime factors of 2954.
2, 7, 211
What are the prime factors of 268?
2, 67
List the prime factors of 28292.
2, 11, 643
List the prime factors of 6180.
2, 3, 5, 103
List the prime factors of 6142.
2, 37, 83
What are the prime factors of 1019?
1019
What are the prime factors of 1025?
5, 41
What are the prime factors of 14184?
2, 3, 197
What are the prime factors of 678?
2, 3, 113
List the prime factors of 166.
2, 83
List the prime factors of 4306.
2, 2153
What are the prime factors of 2208?
2, 3, 23
What are the prime factors of 3766?
2, 7, 269
List the prime factors of 9068.
2, 2267
List the prime factors of 97437.
3, 32479
What are the prime factors of 167?
167
List the prime factors of 59233.
59233
List the prime factors of 288.
2, 3
What are the prime factors of 9805?
5, 37, 53
List the prime factors of 14891.
14891
List the prime factors of 73888.
2, 2309
List the prime factors of 81226.
2, 17, 2389
List the prime factors of 30488.
2, 37, 103
List the prime factors of 1628.
2, 11, 37
What are the prime factors of 20234?
2, 67, 151
What are the prime factors of 36572?
2, 41, 223
List the prime factors of 19317.
3, 47, 137
What are the prime factors of 2189?
11, 199
What are the prime factors of 92980?
2, 5, 4649
What are the prime factors of 13033?
13033
What are the prime factors of 2756?
2, 13, 53
What are the prime factors of 17409?
3, 7, 829
What are the prime factors of 7356?
2, 3, 613
List the prime factors of 1567.
1567
List the prime factors of 6917.
6917
What are the prime factors of 17878?
2, 7, 1277
List the prime factors of 5819.
11, 23
What are the prime factors of 45650?
2, 5, 11, 83
List the prime factors of 183.
3, 61
List the prime factors of 141147.
3, 15683
List the prime factors of 2335.
5, 467
List the prime factors of 908.
2, 227
What are the prime factors of 29534?
2, 14767
List the prime factors of 303.
3, 101
List the prime factors of 4558.
2, 43, 53
What are the prime factors of 5891?
43, 137
List the prime factors of 36342.
2, 3, 673
What are the prime factors of 17351?
17351
What are the prime factors of 54328?
2, 6791
What are the prime factors of 40194?
2, 3, 7, 11, 29
List the prime factors of 114.
2, 3, 19
What are the prime factors of 7584?
2, 3, 79
What are the prime factors of 402?
2, 3, 67
List the prime factors of 929.
929
List the prime factors of 930.
2, 3, 5, 31
List the prime factors of 15091.
15091
What are the prime factors of 14517?
3, 1613
What are the prime factors of 230?
2, 5, 23
What are the prime factors of 166891?
157, 1063
List the prime factors of 1314.
2, 3, 73
What are the prime factors of 115620?
2, 3, 5, 41, 47
What are the prime factors of 589?
19, 31
What are the prime factors of 580?
2, 5, 29
What are the prime factors of 5064?
2, 3, 211
What are the prime factors of 99547?
7, 14221
What are the prime factors of 9319?
9319
List the prime factors of 464.
2, 29
List the prime factors of 29213.
131, 223
List the prime factors of 2788.
2, 17, 41
What are the prime factors of 316?
2, 79
What are the prime factors of 72768?
2, 3, 379
List the prime factors of 3637.
3637
List the prime factors of 3350.
2, 5, 67
What are the prime factors of 1615?
5, 17, 19
What are the prime factors of 32137?
7, 4591
What are the prime factors of 124?
2, 31
What are the prime factors of 2493?
3, 277
What are the prime factors of 679?
7, 97
List the prime factors of 551.
19, 29
List the prime factors of 851.
23, 37
What are the prime factors of 2546?
2, 19, 67
What are the prime factors of 15141?
3, 7, 103
List the prime factors of 329.
7, 47
What are the prime factors of 56097?
3, 23, 271
List the prime factors of 43548.
2, 3, 19, 191
List the prime factors of 29697.
3, 19, 521
What are the prime factors of 72637?
19, 3823
What are the prime factors of 22660?
2, 5, 11, 103
What are the prime factors of 1262?
2, 631
What are the prime factors of 12882?
2, 3, 19, 113
What are the prime factors of 42564?
2, 3, 3547
What are the prime factors of 850?
2, 5, 17
What are the prime factors of 7234?
2, 3617
List the prime factors of 14570.
2, 5, 31, 47
What are the prime factors of 11682?
2, 3, 11, 59
What are the prime factors of 1772?
2, 443
What are the prime factors of 70882?
2, 7, 61, 83
What are the prime factors of 33186?
2, 3, 5531
What are the prime factors of 6231?
3, 31, 67
What are the prime factors of 524?
2, 131
List the prime factors of 35817.
3, 11939
What are the prime factors of 29981?
7, 4283
What are the prime factors of 21944?
2, 13, 211
What are the prime factors of 1640?
2, 5, 41
What are the prime factors of 1059?
3, 353
What are the prime factors of 369?
3, 41
List the prime factors of 14680.
2, 5, 367
What are the prime factors of 3446?
2, 1723
List the prime factors of 1432.
2, 179
List the prime factors of 10122.
2, 3, 7, 241
List the prime factors of 4240.
2, 5, 53
List the prime factors of 6433.
7, 919
What are the prime factors of 416?
2, 13
List the prime factors of 3031.
7, 433
List the prime factors of 177226.
2, 7, 12659
List the prime factors of 1062.
2, 3, 59
List the prime factors of 9386.
2, 13, 19
What are the prime factors of 143?
11, 13
What are the prime factors of 1465?
5, 293
List the prime factors of 2303.
7, 47
What are the prime factors of 99586?
2, 17, 29, 101
What are the prime factors of 866?
2, 433
List the prime factors of 710.
2, 5, 71
What are the prime factors of 231?
3, 7, 11
What are the prime factors of 3127?
53, 59
What are the prime factors of 69267?
3, 11, 2099
What are the prime factors of 6275?
5, 251
What are the prime factors of 75059?
47, 1597
What are the prime factors of 10520?
2, 5, 263
What are the prime factors of 61105?
5, 11, 101
List the prime factors of 1155.
3, 5, 7, 11
List the prime factors of 73214.
2, 36607
What are the prime factors of 7817?
7817
What are the prime factors of 743?
743
List the prime factors of 15395.
5, 3079
List the prime factors of 7391.
19, 389
What are the prime factors of 20749?
20749
What are the prime factors of 76680?
2, 3, 5, 71
What are the prime factors of 156?
2, 3, 13
What are the prime factors of 708?
2, 3, 59
List the prime factors of 3.
3
List the prime factors of 58019.
13, 4463
What are the prime factors of 909?
3, 101
What are the prime factors of 44731?
41, 1091
List the prime factors of 717.
3, 239
List the prime factors of 8827.
7, 13, 97
What are the prime factors of 10237?
29, 353
List the prime factors of 9884.
2, 7, 353
What are the prime factors of 8795?
5, 1759
List the prime factors of 47132.
2, 11783
List the prime factors of 72883.
72883
List the prime factors of 3484.
2, 13, 67
What are the prime factors of 30508?
2, 29, 263
List the prime factors of 11144.
2, 7, 199
List the prime factors of 6721.
11, 13, 47
List the prime factors of 516.
2, 3, 43
List the prime factors of 17883.
3, 1987
What are the prime factors of 946?
2, 11, 43
What are the prime factors of 4446?
2, 3, 13, 19
List the prim